rs of t(9).
2, 3
Suppose -2*t + 20 = -6*t. Let f(h) = h**2 + 3*h + 1. What are the prime factors of f(t)?
11
List the prime factors of 446/(-4)*(-14)/7.
223
Let b(d) = -9*d + 8. What are the prime factors of b(-5)?
53
Suppose 5*q = -77 + 197. What are the prime factors of q?
2, 3
Let w = -3 - -9. Let j = w - 14. Let q = j + 13. What are the prime factors of q?
5
Let a(o) = o**3 - 6*o**2 + 6*o - 5. Let i be a(5). Let l(s) = -7*s - 6*s**2 - s**3 + 0 + i*s**3 + 1. List the prime factors of l(-5).
11
Let x(i) = i**3 - 7*i**2 - 2*i + 5. Let k be x(7). Let r(o) = o**2 - 9*o - 13. Let h(f) = -f**2 - f. Let q(m) = 2*h(m) + r(m). List the prime factors of q(k).
5
Let u = -17 - -35. Suppose -2*g - 2*i = -3*i - 14, -5*i - 10 = 2*g. Suppose u = g*o + 3*k, -o - 4*o + k + 14 = 0. What are the prime factors of o?
3
What are the prime factors of 7/2*(-14 + 20)?
3, 7
Let j(z) = z**3 + 6*z**2 - 2. Let g be j(-6). What are the prime factors of 10 + (-3 - (g - 0))?
3
Let q = 3 + 0. Suppose q*r = 6 + 21. What are the prime factors of r?
3
Let o(q) = 1 + 0*q**2 - 5*q**2 + 0*q**3 - q**3 + 7*q. Let m be o(-6). Let v = m + 9. What are the prime factors of v?
2
Let c = 7 + -3. Suppose 10 = 5*p + 2*x, -p + 3*p - c*x = 28. Suppose -n + p = -4. What are the prime factors of n?
2
Let u be -35*(2 - 1 - 0). List the prime factors of 2/(5/(u/(-2))).
7
Let s = -8 - -11. Suppose 2*a - 7*a + s*r = -38, -16 = -3*a - 5*r. List the prime factors of a.
7
Let n be 4 - (9/(-3))/3. Suppose m = -n*f - 5, 3*m = 3*f + 27 - 6. What are the prime factors of m?
5
Let j(r) = 4*r + 1. Let n be j(2). Let b = n - 5. What are the prime factors of b/14 + 162/21?
2
Suppose 6*j = 155 + 229. What are the prime factors of j?
2
Let w be 3/(-1) - 0 - -14. Suppose 3*j + 2*j - 15 = 0, 5*z - 16 = -2*j. Let t = w - z. What are the prime factors of t?
3
Let z = -2 - -4. Suppose 8 = r - z. What are the prime factors of r?
2, 5
Let t = 8 + -8. Suppose -43 = -4*h + 3*w, t = 4*h + 5*w - 4*w - 23. What are the prime factors of h?
7
Suppose 2*i - i = 39. Suppose -z + i = -9. Suppose -5*f - g + z = 0, -3*f - 1 = -2*g - 22. List the prime factors of f.
3
Let i(p) = -3*p**2 + p**3 - 2 + p**2 - 1 + 2 - 5*p. What are the prime factors of i(4)?
11
Let i(u) = u**3 - 15*u**2 - 14*u + 18. List the prime factors of i(16).
2, 5
Suppose -4*d = -52 - 0. What are the prime factors of d?
13
Suppose 0 = 3*n - 12*n + 900. What are the prime factors of n?
2, 5
Let c(d) = d + 36. List the prime factors of c(0).
2, 3
Suppose -82 = 2*m - 26. Suppose -5*j = -j + 184. Let l = m - j. List the prime factors of l.
2, 3
Let p(y) = 3*y - 1. Let a be p(1). Suppose 0 = -a*w - 4*n, w = 3*w - 5*n. Let x(c) = -c**2 + 3. What are the prime factors of x(w)?
3
Suppose -4*o + o + 6 = 0. Suppose 7 = 3*s + 3*f - o, -5*s + 29 = -2*f. List the prime factors of s.
5
Suppose m = 5*b - 26 - 6, -m - 2*b = 67. What are the prime factors of (0 + (-4)/12)*m?
19
Let v(n) = 3*n**2 - 4*n + 6. What are the prime factors of v(-5)?
101
Let w be 2/3 + (-205)/(-3). Suppose 2*m + 11 = w. What are the prime factors of m?
29
Let w(i) = i**2 - 1. Let r be w(-2). Suppose -r*b + 4*k - k = -15, 27 = 5*b - 3*k. Suppose -o + 0*u = u - b, 2*o - 5*u = 12. List the prime factors of o.
2, 3
Suppose -3*n + 1890 = 5*f - 0*n, -5*n = 0. What are the prime factors of f?
2, 3, 7
Suppose 0 = 5*b - 2*b - 72. Suppose -3*d = -12 - b. List the prime factors of d.
2, 3
Suppose 3*q = -0*q + 129. Suppose 4*n - q + 7 = 0. List the prime factors of n.
3
Suppose 0 = -o - 3*o. Suppose o*x - 1 = x. What are the prime factors of 2 - (x + 2) - -3?
2
Let o(q) = q - 1. Let y(f) = 2*f - 5. Let z(j) = -4*o(j) + y(j). Let b = -8 - -3. List the prime factors of z(b).
3
Let l(v) = v**2 + 11*v - 8. Let j be l(-12). Suppose -j*t = -108 - 12. List the prime factors of t.
2, 3, 5
Let x be 2 + -1 + 18/(-3). Let g = x + 5. Let o = 2 - g. What are the prime factors of o?
2
Suppose -3*n - 5*z = n + 46, -z = 2. Let l be n/(-3) - (2 - -1). Suppose l = 2*m - 10 - 4. List the prime factors of m.
7
Suppose h = 0, -4*h - 162 = -3*s - 0*h. List the prime factors of s.
2, 3
Suppose -2*p - 4*s + 13 = -7*p, 2*p + 25 = -5*s. List the prime factors of (-2)/p - (-159)/15.
11
Let j = -17 + 9. What are the prime factors of 31 + (j/2)/(-4)?
2
Let i(t) = t**2 - 3*t. Let f(h) = h**2 + h + 1. Let p be f(-2). Suppose 0 = -4*v - n + 17, -2*n + p = v - 3. What are the prime factors of i(v)?
2
Suppose 4*x - 2*t = 6, 3*t = -3*x + 7*t + 2. Suppose -y - 5 = l, -2*y - 8 = 3*l + 3. What are the prime factors of 52/(-8)*y/x?
13
Let r be (1 + 0 + -2)*17. Let m be 1 - (2 - (-30 - -2)). Let a = r - m. What are the prime factors of a?
2, 3
Suppose -4*q - 22 + 86 = 0. Let f = 30 - 35. Let g = f + q. What are the prime factors of g?
11
Suppose 4*y - 2*g = -14 - 10, -2*y - g = 12. Let u(o) = -3*o - 7. Let v be u(y). Suppose 3 - v = -a. List the prime factors of a.
2
Let i(o) = -3*o - 16. What are the prime factors of i(-7)?
5
List the prime factors of (-6)/(-10) - 7/(105/(-786)).
53
Let l = -4 - -4. Suppose 4*m = -l + 4. Let c = m - -2. What are the prime factors of c?
3
Let h(t) = -t + 1. Let j be h(-5). List the prime factors of (4/j)/(4/42).
7
Let j(z) = -z**2 - z + 2. Let o be j(-6). Let m = o + 7. What are the prime factors of (-2)/8 + m/(-4)?
5
Let h(c) = c**2 - 3*c - 2. Let w be h(4). Suppose w + 4 = b. Let y = b - 0. What are the prime factors of y?
2, 3
Let h(z) = z - 2. Let p be h(2). Suppose j - 3 + 1 = p. List the prime factors of j.
2
Suppose -5*n + 2*s = -12, -n + 0*n - 1 = 3*s. Let t = -4 + 6. Suppose -66 = -4*v - n*d, -t*d + 9 - 57 = -2*v. List the prime factors of v.
19
Suppose 5*m - 345 = 2*w, m + w = -3*w + 91. What are the prime factors of m?
71
Let u(i) = 5*i**3 - i. Let w be u(1). Suppose 0 = 3*s - w*b + 3, 3*b + 2 - 14 = -s. Let j = s + -1. List the prime factors of j.
2
Let b be (-3 + 2)/(1/(-3)). Suppose 5*f - y = -4*y + 48, 3*f = 4*y + 23. Suppose f = t + b. What are the prime factors of t?
2, 3
Let g(y) = y**3 - 6*y**2 + 7*y + 2. Let v = 12 - 7. List the prime factors of g(v).
2, 3
Let r(p) = p + 18. Let b be r(-10). Suppose h - b = 3*s, 0 = -h + 5*s + 6 - 2. What are the prime factors of h?
2, 7
Let z(a) = a + 9. Let g be z(-9). Suppose g*k + 4*k = 44. List the prime factors of k.
11
Let z(w) be the third derivative of w**4/24 - w**3/6 - 2*w**2. Let r be z(3). Suppose -2*c = 2*a - 14, 2*c = 4*a - r*a - 2. List the prime factors of c.
3
Let q = -6 + 8. Let d = 3 - q. What are the prime factors of (144/(-27))/(d/(-3))?
2
Suppose -2*k + 144 = h - 0*h, 2*h = -5*k + 358. Suppose 7*c = 5*c + k. What are the prime factors of c?
5, 7
Let o(v) = v**2 - 1. Let i(z) = z**3 + 12*z**2 + 6*z - 7. Let d(r) = -i(r) + 5*o(r). Let x be d(-6). List the prime factors of -18*(x/(-4))/1.
3
Suppose -p - 2 = p. What are the prime factors of 0 + 2 - p*26?
2, 7
Suppose -4*i - 4*c + 12 = 0, 4*c + 16 - 4 = 2*i. Let j(l) = l**2 - 2*l + 3*l - 5*l + i. List the prime factors of j(5).
3
Let d be ((-8)/2 - -5)*3. Suppose 0*l + 145 = 4*l + 5*j, d*j = 4*l - 105. What are the prime factors of l?
2, 3, 5
What are the prime factors of (14/(-35))/(2/(-40))?
2
Let u be 447/9 - (-1)/3. Suppose -2*v + u = 4*d, 0 = -d + 4*v + 11 + 15. What are the prime factors of d?
2, 7
Let b = -123 + 78. Let z = -11 - b. What are the prime factors of z?
2, 17
Let f(v) = v**3 - 17*v**2 + 6*v - 56. What are the prime factors of f(17)?
2, 23
Suppose 2*o + 0*o = 0. Let j be -2 + o/(-3) + 5. Suppose -3*u = -5*g + 1, 3*g + 8*u - j*u - 21 = 0. What are the prime factors of g?
2
Let t be (-1)/3 + 7/3. Suppose 2*l = -4*j + 24, t*j + 5 + 15 = 3*l. Suppose -l*m + 10 = -3*m. List the prime factors of m.
2
Suppose 0 = -5*w + h - 0 + 22, -10 = -5*w - 5*h. What are the prime factors of -2*(-2)/w*15?
3, 5
Suppose 7*x - 471 = -184. List the prime factors of x.
41
What are the prime factors of 44 + ((-8)/(-4) - 2)?
2, 11
Let a = -12 - -47. Suppose -2*p + p = -a. List the prime factors of p.
5, 7
Suppose -7 = 4*w - 39. Suppose -4*a + 6*o - 2*o + 88 = 0, 0 = 2*o + w. List the prime factors of a.
2, 3
Suppose 0 = -a + 6*a - 25. List the prime factors of a.
5
Suppose u - 5 = -1. List the prime factors of u*3/12 - -23.
2, 3
Suppose -4*l + 89 = 37. What are the prime factors of l - -6*(-2)/(-4)?
2
L